{"articles":[{"classes":["outercol"],"isFavourite":false,"isExternalUrl":{"articleLink":false},"articleListButtonsData":{"buttonsList":[],"mode":"default"},"favouriteType":null,"mnu":null,"section":null,"displayId":true,"docId":483,"identifier":"483Article","docType":"Article","customDate":false,"teaserData":{"teaserText":"","mode":"default"},"content":{"teaser":"","intro":""},"titles":{"main":"","readMoreButton":""},"urls":{"readMore":null,"booking":null},"created":{"date":"25.11.2021","time":"15:44","timestamp":1637851440},"introAllowHtml":false,"hasTicket":false,"extra":null,"hasReadMore":false,"media":{"imageData":{"path":"\/sites\/a\/arran.no\/files\/l__g___munji_.jpg","width":652,"height":663,"aspectRatio":0.9834087481146304},"previewImageUrl":"\/sites\/a\/arran.no\/files\/l__g___munji_.jpg?cropToFit=100x59&quality=50","imageVariants":[{"path":"\/sites\/a\/arran.no\/files\/l__g___munji_.jpg?cropToFit=100x59&quality=75","width":100,"height":59,"aspectRatio":1.694915254237288},{"path":"\/sites\/a\/arran.no\/files\/l__g___munji_.jpg?cropToFit=200x118&quality=75","width":200,"height":118,"aspectRatio":1.694915254237288},{"path":"\/sites\/a\/arran.no\/files\/l__g___munji_.jpg?cropToFit=400x235&quality=75","width":400,"height":235,"aspectRatio":1.702127659574468},{"path":"\/sites\/a\/arran.no\/files\/l__g___munji_.jpg?cropToFit=600x353&quality=75","width":600,"height":353,"aspectRatio":1.6997167138810199},{"path":"\/sites\/a\/arran.no\/files\/l__g___munji_.jpg?cropToFit=800x471&quality=75","width":652,"height":384,"aspectRatio":1.6979166666666667},{"path":"\/sites\/a\/arran.no\/files\/l__g___munji_.jpg?cropToFit=1000x588&quality=75","width":652,"height":383,"aspectRatio":1.7023498694516972},{"path":"\/sites\/a\/arran.no\/files\/l__g___munji_.jpg?cropToFit=1200x706&quality=75","width":652,"height":384,"aspectRatio":1.6979166666666667}],"image":"\/sites\/a\/arran.no\/files\/l__g___munji_.jpg","aspect":1.694915254237288,"type":"image","description":null},"additionalData":[]},{"classes":["outercol"],"isFavourite":false,"isExternalUrl":{"articleLink":false},"articleListButtonsData":{"buttonsList":[{"label":"Les mer","url":"\/?id=541188274&Article=414","type":"readmore"}],"mode":"default"},"favouriteType":null,"mnu":null,"section":null,"displayId":true,"docId":414,"identifier":"414Article","docType":"Article","customDate":false,"teaserData":{"teaserText":"","mode":"default"},"content":{"teaser":"","intro":"N\u00e5 kan du kombinere jobb og barnehagel\u00e6rerutdanning. \u200b\u200b\u200bFra h\u00f8sten 2021 tilbyr Nord universitet en unik mulighet til \u00e5 kombinere jobb og utdanning; arbeidsplassbasert barnehagel\u00e6rerutdanning med samisk profil."},"titles":{"main":"Arbeidsplassbasert barnehagel\u00e6rerutdanning med samisk profil ved Nord Universitet.","readMoreButton":"Les mer"},"urls":{"readMore":"\/?id=541188274&Article=414","booking":null},"created":{"date":"10.02.2021","time":"11:00","timestamp":1612951200},"introAllowHtml":false,"hasTicket":false,"extra":null,"hasReadMore":true,"media":{"imageData":{"path":"\/sites\/a\/arran.no\/files\/dsc_7381.jpg","width":2500,"height":1662,"aspectRatio":1.5042117930204573},"previewImageUrl":"\/sites\/a\/arran.no\/files\/dsc_7381.jpg?cropToFit=100x59&quality=50","imageVariants":[{"path":"\/sites\/a\/arran.no\/files\/dsc_7381.jpg?cropToFit=100x59&quality=75","width":100,"height":59,"aspectRatio":1.694915254237288},{"path":"\/sites\/a\/arran.no\/files\/dsc_7381.jpg?cropToFit=200x118&quality=75","width":200,"height":118,"aspectRatio":1.694915254237288},{"path":"\/sites\/a\/arran.no\/files\/dsc_7381.jpg?cropToFit=400x235&quality=75","width":400,"height":235,"aspectRatio":1.702127659574468},{"path":"\/sites\/a\/arran.no\/files\/dsc_7381.jpg?cropToFit=600x353&quality=75","width":600,"height":353,"aspectRatio":1.6997167138810199},{"path":"\/sites\/a\/arran.no\/files\/dsc_7381.jpg?cropToFit=800x471&quality=75","width":800,"height":471,"aspectRatio":1.6985138004246285},{"path":"\/sites\/a\/arran.no\/files\/dsc_7381.jpg?cropToFit=1000x588&quality=75","width":1000,"height":588,"aspectRatio":1.7006802721088434},{"path":"\/sites\/a\/arran.no\/files\/dsc_7381.jpg?cropToFit=1200x706&quality=75","width":1200,"height":706,"aspectRatio":1.6997167138810199}],"image":"\/sites\/a\/arran.no\/files\/dsc_7381.jpg","aspect":1.694915254237288,"type":"image","description":"Fremtidige forskere studerer sm\u00e5kryp i jorda."},"additionalData":[]},{"classes":["outercol"],"isFavourite":false,"isExternalUrl":{"articleLink":false},"articleListButtonsData":{"buttonsList":[{"label":"Les mer","url":"\/?id=541188274&Article=283","type":"readmore"}],"mode":"default"},"favouriteType":null,"mnu":null,"section":null,"displayId":true,"docId":283,"identifier":"283Article","docType":"Article","customDate":false,"teaserData":{"teaserText":"demens","mode":"default"},"content":{"teaser":"demens","intro":"Ugla Mujtto sier: \" Ij la dat muv vihke. Ij la avtak viheke\". \/\/ \u201cDet er ikke din feil. Det er ikke noen sin feil.\" Det er aldri noens feil at noen voksne har en sykdom som demens. Det er animasjonsfilmens viktige budskap til barn og alle andre som er p\u00e5r\u00f8rende til noen som har demens.  "},"titles":{"main":"Lulesamisk animasjonsfilm om demens ble lansert p\u00e5 \u00c1rran.","readMoreButton":"Les mer"},"urls":{"readMore":"\/?id=541188274&Article=283","booking":null},"created":{"date":"11.04.2019","time":"21:40","timestamp":1555011600},"introAllowHtml":false,"hasTicket":false,"extra":null,"hasReadMore":true,"media":{"imageData":{"path":"\/sites\/a\/arran.no\/files\/mujtto_lansering.jpg","width":1301,"height":1206,"aspectRatio":1.0787728026533996},"previewImageUrl":"\/sites\/a\/arran.no\/files\/mujtto_lansering.jpg?cropToFit=100x59&quality=50","imageVariants":[{"path":"\/sites\/a\/arran.no\/files\/mujtto_lansering.jpg?cropToFit=100x59&quality=75","width":100,"height":59,"aspectRatio":1.694915254237288},{"path":"\/sites\/a\/arran.no\/files\/mujtto_lansering.jpg?cropToFit=200x118&quality=75","width":200,"height":118,"aspectRatio":1.694915254237288},{"path":"\/sites\/a\/arran.no\/files\/mujtto_lansering.jpg?cropToFit=400x235&quality=75","width":400,"height":235,"aspectRatio":1.702127659574468},{"path":"\/sites\/a\/arran.no\/files\/mujtto_lansering.jpg?cropToFit=600x353&quality=75","width":600,"height":353,"aspectRatio":1.6997167138810199},{"path":"\/sites\/a\/arran.no\/files\/mujtto_lansering.jpg?cropToFit=800x471&quality=75","width":800,"height":471,"aspectRatio":1.6985138004246285},{"path":"\/sites\/a\/arran.no\/files\/mujtto_lansering.jpg?cropToFit=1000x588&quality=75","width":1000,"height":588,"aspectRatio":1.7006802721088434},{"path":"\/sites\/a\/arran.no\/files\/mujtto_lansering.jpg?cropToFit=1200x706&quality=75","width":1200,"height":706,"aspectRatio":1.6997167138810199}],"image":"\/sites\/a\/arran.no\/files\/mujtto_lansering.jpg","aspect":1.694915254237288,"type":"image","description":"Bella med foreldrene May Bente og Ivar Otto Knutsen, sammen med Kirsti Hotvedt fra Aldring og Helse."},"additionalData":[]}],"pages":[1],"currentPage":1,"sections":[]}

Nå kan du kombinere jobb og barnehagelærerutdanning. ​​​Fra høsten 2021 tilbyr Nord universitet en unik mulighet til å kombinere jobb og utdanning; arbeidsplassbasert barnehagelærerutdanning med samisk profil.

Arbeidsplassbasert barnehagelærerutdanning med samisk profil ved Nord Universitet.

Fremtidige forskere studerer småkryp i jorda.

Ugla Mujtto sier: " Ij la dat muv vihke. Ij la avtak viheke". // “Det er ikke din feil. Det er ikke noen sin feil." Det er aldri noens feil at noen voksne har en sykdom som demens. Det er animasjonsfilmens viktige budskap til barn og alle andre som er pårørende til noen som har demens.

Lulesamisk animasjonsfilm om demens ble lansert på Árran.
